 2*j - 2*o. What is the highest common divisor of n and j?
20
Let h = -11 - -7. Let i be ((-6)/h + -2)*-8. Let a(d) = -d + 5. Let y be a(i). What is the highest common factor of y and 2?
1
Suppose -235 = -r - 4*r + 5*p, 5*r - 241 = -p. Calculate the highest common divisor of 16 and r.
16
Let x = 20 - 37. Let p = 48 - x. Calculate the highest common divisor of 26 and p.
13
Let j = -11 - -71. What is the greatest common factor of 40 and j?
20
Let p(r) = r + 5. Let q(i) = i + 11. Let h be q(-5). Let y be p(h). Let j(d) = 5*d**2 - 3. Let g be j(-4). Calculate the highest common factor of y and g.
11
Let d be (-343)/(-14) + (-2)/4. Suppose -3*k = -k - 254. Let h = k + -91. Calculate the greatest common divisor of d and h.
12
Suppose -4*l - 30 = -5*l. Calculate the greatest common factor of l and 12.
6
Suppose -2*y - 8 = 0, -m + 5*y + 245 = 4*m. Let v be m*(1 + 0)*1. Suppose 5*x - 11 = -2*t, 3*x - 2*x = 4*t - 77. Calculate the highest common factor of v and t.
9
Let o be (2/4)/((-1)/(-4)). Let n = 3 + o. Let c be (0 - -6)*(-30)/(-4). Calculate the greatest common factor of c and n.
5
Let r = -7 - -25. Suppose -5*s - 90 = -15*s. Calculate the greatest common factor of s and r.
9
Let k = -3 - -7. Suppose 5*a - 2*a - 103 = -4*d, -5*d = 5*a - 125. Calculate the highest common factor of d and k.
4
Let j = -7 - -12. Let c(g) = 2*g + g**2 - g - 4*g. Let r be c(j). Calculate the greatest common factor of r and 70.
10
Let b(l) = -l. Let y be b(-2). Suppose 4 = z + y. What is the highest common factor of 5 and z?
1
Let g = 52 + 128. Let l(n) = n. Let k(c) = -1. Let r(i) = -2*k(i) - 3*l(i). Let t be r(-6). Calculate the greatest common divisor of t and g.
20
Let x = -21 + 121. What is the greatest common divisor of x and 20?
20
Let w(j) = -2*j**3 + 4*j**2 - 3*j + 3. Let f be w(3). Let u = -15 - f. Calculate the highest common divisor of 18 and u.
9
Let l = -8 - -4. Let n be (3/l)/((-2)/16). Let m(f) = -f + 66. Let x be m(0). Calculate the greatest common factor of x and n.
6
Let v be (-4)/10 - 6135/(-25). Suppose 330 = 3*k + 3*n, 4*k + v = -5*n + 683. Calculate the highest common factor of k and 14.
14
Let g(d) = -d + 220. Let r(j) = -j. Let v(k) = g(k) - 3*r(k). Let u be v(0). What is the highest common factor of 20 and u?
20
Let k be (-382)/(-5) - (-6)/10. Let p(i) = i**3 - 1. Let s be p(2). Calculate the highest common divisor of k and s.
7
Let w(n) = n + 17. Let q be w(0). What is the highest common divisor of 85 and q?
17
Let v(c) be the second derivative of 2*c + 0*c**3 - 1/12*c**4 + 0 + 7*c**2. Let b be v(0). What is the highest common factor of 98 and b?
14
Suppose -y = -12 + 3. Calculate the greatest common factor of 3 and y.
3
Let b = 20 + -14. Let l(z) = 14*z + 4. Let i be l(b). Let g be 6/(-12) + 138/12. What is the highest common divisor of g and i?
11
Let k be (-2)/(-3) + (-56)/(-6). Calculate the highest common divisor of 2 and k.
2
Let u = 25 - 3. Let i = -87 - -329. What is the greatest common divisor of i and u?
22
Let b(i) = i - 4. Let m be b(10). Suppose -j - 30 = -m*j. Calculate the highest common divisor of 66 and j.
6
Suppose 0*n - 42 = 2*n. Let r = n - -39. Calculate the greatest common divisor of 126 and r.
18
Let k(a) = 72*a**2. Let s be k(-1). What is the greatest common factor of s and 8?
8
Suppose 5*d - d - 8 = -p, -2*d = -2*p + 6. Let y(m) = 53*m + 4. Let s be y(p). Calculate the greatest common divisor of s and 24.
24
Let i be (-4)/(-16) + 518/8. Calculate the highest common factor of 13 and i.
13
Let d = 40 + -56. Let o = 24 - d. What is the highest common divisor of 5 and o?
5
Let o = -24 + 29. What is the greatest common factor of o and 10?
5
Let q be (0 - 1 - -19)/2. Calculate the highest common divisor of 27 and q.
9
Suppose -2*p + 9 = y - 6*p, 0 = -5*y + 4*p + 13. Let v be 0 - 2 - (-27)/y. Calculate the highest common factor of v and 5.
5
Suppose 0 = -3*l - l + 4. Let z be (3 + l)*23/4. What is the greatest common divisor of 23 and z?
23
Let t = -6 + 11. Suppose 2 = -3*s + 3*h + t, 5*h - 7 = s. Suppose -2*n - 14 = -s*n. What is the greatest common factor of n and 21?
7
Let c(s) = -4*s + 6 - 5*s - 4*s - s**2. Suppose 0 = -4*j - 11 - 13. Let m be c(j). What is the greatest common divisor of m and 16?
16
Let g = 98 - 26. Let x(m) = -3*m. Let s be x(-3). What is the greatest common divisor of g and s?
9
Let f = -35 - -47. Let g(u) = 13*u - 1. Let m be g(1). Suppose -2*a = -3*a + m. Calculate the greatest common divisor of a and f.
12
Let a = -3 + -3. Let u be a*((-44)/3)/4. What is the greatest common divisor of u and 33?
11
Suppose -2 - 14 = -4*o. Suppose o*r - 29 = 3. Let d = r + 12. Calculate the highest common divisor of 60 and d.
20
Let y(k) = k**3 + 4*k**2. Let h be y(-4). Suppose h*i + 3*i = 156. Let n = -34 + i. Calculate the greatest common divisor of n and 9.
9
Let b(p) = 5*p + 4. Let z be b(-3). Let d = 5 + z. Let j be d/4*(-20 - 0). Calculate the greatest common factor of 15 and j.
15
Suppose -2*k = -5*c + 118, 2*c = k - 19 + 67. Calculate the highest common divisor of 11 and c.
11
Let d(t) = t**2 + 11*t + 16. Let g be d(-16). Let o(y) = 2*y - 4. Let r be o(3). Let p be 11 - (-1 - 0/r). What is the highest common divisor of g and p?
12
Let n be ((-3)/4)/(3/(-12)). Suppose 0*x - 14 = -3*a - x, n*a - 3*x = 6. Let o = -16 + 22. What is the greatest common divisor of a and o?
2
Suppose -10*k + 247 + 153 = 0. What is the highest common factor of k and 15?
5
Let i(s) = s**2 - 6*s - 7. Let k be i(10). Let u = -15 + 26. What is the greatest common factor of u and k?
11
Let w be (2 - 2)/((-3)/3). Let g = w + 1. Let b be -1*g - 6/(-1). What is the highest common factor of b and 40?
5
Suppose 2*k - 2*h - 52 = 0, -5*k - 12 = 4*h - 124. Calculate the highest common factor of 120 and k.
24
Let w be (2 - 5)*10/(-6). Suppose h - w = -0*h. Let v be (-78)/15*h/(-2). Calculate the highest common factor of 13 and v.
13
Let a(c) = 4*c**2 - 3*c + 9. Let o = 20 - 14. Let x be a(o). What is the greatest common divisor of 15 and x?
15
Let k be 1 + 0 + 8/4. Let s be -1*k/1 - -129. Let a = 7 - -11. Calculate the greatest common divisor of s and a.
18
Let q(c) be the third derivative of -3*c**4/8 + c**3/6 - 3*c**2. Let d be q(-1). Suppose 24 + 6 = o. What is the greatest common factor of o and d?
10
Let c = 18 + -8. Calculate the greatest common factor of c and 90.
10
Suppose 0*b = b. Suppose 5*i - 10*i + 225 = b. Calculate the greatest common factor of 5 and i.
5
Suppose 88 = 3*g - 4*z, 4*g = -0*z + z + 126. Let s = 104 - g. What is the highest common divisor of 18 and s?
18
Let p(d) = -5*d - 2. Let n be p(-2). Suppose -14 = -2*o + n. What is the highest common factor of 88 and o?
11
Let i(y) = -2*y - 6*y**2 - 2*y + 7*y**2 + 4. Let x be i(4). Suppose -320 = -3*h - x*k, h - 32 = -5*k + 82. Calculate the greatest common divisor of h and 13.
13
Suppose -7 = 5*w - 12*w. Calculate the highest common factor of w and 9.
1
Let g = -129 - -189. Calculate the greatest common factor of g and 24.
12
Let z(v) = v**2 + v + 9. Let o be z(0). Suppose p = -p + 36. Calculate the greatest common divisor of p and o.
9
Suppose -3*v - 5*h = -6, -v + 4*h = 6*h - 1. What is the highest common factor of 63 and v?
7
Suppose g - 9 = -0*g. Suppose -9*j + 40 = -14. Calculate the highest common divisor of g and j.
3
Let p be 142/3 - (-2)/3. Suppose 2*i = 5*w - 0*w - 50, 2*w - 1 = -3*i. Calculate the highest common factor of w and p.
8
Suppose -5*r + z = 15, -2*r + 5*z = 3*r + 35. Let a = r + 8. Calculate the highest common divisor of a and 18.
6
Let i = -147 - -252. Calculate the greatest common divisor of i and 15.
15
Let d(p) = p**3 - 4*p**2 - 2*p - 4. Suppose 0 = -5*z - 4*n - n + 30, 3*n - 23 = -4*z. Let l be d(z). Calculate the greatest common factor of 11 and l.
11
Let x = -4 - -8. Calculate the highest common divisor of x and 16.
4
Suppose k + 0*k - 2 = 0. Suppose 3*m = 3*f + 84, k*m + 4*f = m + 28. What is the greatest common factor of m and 84?
28
Let s = -107 + 217. What is the greatest common divisor of 10 and s?
10
Let i = 449 + -284. Let d = -166 + 181. Calculate the highest common divisor of d and i.
15
Suppose -2*v = -6 - 0. Let j(d) = 14*d**2 + 3*d. Let n be j(v). What is the greatest common factor of n and 15?
15
Suppose -37 = -4*l - 13. Suppose -4*z 